-4*h + o*k + 614. List the prime factors of h.
151
Let o(g) = -7*g + 137. What are the prime factors of o(-9)?
2, 5
Let u(c) = -17*c + 231. What are the prime factors of u(-33)?
2, 3, 11
Let m(z) = 7*z + 52. Let g = 103 + -110. List the prime factors of m(g).
3
Suppose 0 = 10*u - 6*u + 440. Let z = 190 + u. List the prime factors of z.
2, 5
Let d = 219 - -68. What are the prime factors of d?
7, 41
Let b(g) = 17*g**2 + 8*g - 5. Let w(h) = 6*h**2 + 3*h - 2. Let u(j) = 3*b(j) - 8*w(j). What are the prime factors of u(-4)?
7
Let n(h) = 0*h + 9*h + 2 + 3*h - 7*h. Suppose -15 = -4*u + u. List the prime factors of n(u).
3
Suppose -156426 = 40*i - 127*i. List the prime factors of i.
2, 29, 31
Suppose 0 = -n - 3*n + 3*k + 3666, 2*n - 1836 = 3*k. What are the prime factors of (2 + -4)*n/(-10)?
3, 61
Suppose 5*u = 5*r + 15 + 20, -2*r + 14 = 5*u. Let i be (-42)/(-30) + (-9)/(-15). Suppose d - 18 = -i*f, 2*d = -u*f - f + 40. What are the prime factors of d?
2, 5
Suppose -2*p + 52 = -44. Suppose -2*a = -0*a + p. What are the prime factors of (-95)/(-6) + (-4)/a?
2
Let k = 148 + -78. Let w be 4/(-6)*-3 + -4 + 0. What are the prime factors of w/(-4)*(k - -6)?
2, 19
Suppose j = -3*m - 4, -3*j - 3*m = j - 11. Suppose 4*g + 4*z = 1168, -j*g - 717 = 4*z - 2174. What are the prime factors of g?
17
List the prime factors of 764*(-13)/(312/(-18)).
3, 191
Suppose -3*b + 6712 = 2*w, -b + 0*b + 2236 = w. What are the prime factors of b?
2, 5, 7
Suppose -3*j + 10 + 8 = 0. Suppose 5*w + 4*v = 89, -5*v = -w + 6 + j. Let p = w + -10. What are the prime factors of p?
7
Suppose -35 + 119 = 3*q. Let k = q - 26. Let p(z) = z**2 - 2*z + 4. What are the prime factors of p(k)?
2
Suppose -2*a = c - 359, 0 = -c - 0*a + 3*a + 334. What are the prime factors of c?
349
Suppose 56 = o - 3*t, 9*o = 4*o + 2*t + 228. Let g = o - -28. List the prime factors of g.
2, 3
Let l be 44/(-4) - (-2 + 1). Let g be (-54)/(-15) + (-4)/l. Suppose g*c = -17 + 93. List the prime factors of c.
19
Let r(u) = -8*u**3 + 4*u**2 + 3*u - 3. Let c be (-16)/10 - (-52)/(-130). List the prime factors of r(c).
71
Let n = -8 - -12. Suppose -2*o = f + 11 - n, 4*f - 2*o = 12. List the prime factors of (-638)/(-16) + f/8.
2, 5
Let k = 2068 + -1105. What are the prime factors of k?
3, 107
Let b(g) = -g**3 + g**2 - g - 1. Let j be b(-1). Suppose j*i - 8 = -0*i. Suppose -i*h = -3*h - 24. List the prime factors of h.
2, 3
Suppose 0*r - 60 = 4*r. Let i = r + 24. Let v = 22 - i. What are the prime factors of v?
13
Suppose 6*h - 3*h + 16 = -2*i, -3*i + 4*h - 41 = 0. Let s = i - -116. Suppose -10*n + s = -7*n. What are the prime factors of n?
5, 7
Suppose 2*l + 3*v = 10, -l - 2*v - 3*v = 2. Let g(b) be the third derivative of b**4/8 + 2*b**3/3 - b**2. What are the prime factors of g(l)?
2, 7
Suppose -64179 = -26*p + 73413. List the prime factors of p.
2, 3, 7
Suppose l = c + 18, 2*c = -5*l - 2*c + 90. Suppose -p - p = 3*u - 30, 2*p - l = -2*u. Suppose -3*j + 42 + u = 0. What are the prime factors of j?
2, 3
Let n(q) = -q**3 + 15*q**2 + 20*q - 24. Let m be (-3)/(2 - (-35)/(-16)). List the prime factors of n(m).
2, 5
Let g = 10 - 21. Let p be 2/5 - 92/5. Let o = g - p. List the prime factors of o.
7
Suppose 3*z = -v + 496 + 263, 0 = -v - 3. List the prime factors of z.
2, 127
Let s = -82 - -297. What are the prime factors of s?
5, 43
Let p(b) = -8*b + 259. What are the prime factors of p(-27)?
5, 19
Let s = 38 + 358. List the prime factors of s.
2, 3, 11
Let u(w) = w**2 - w - 2. Suppose 20 = 9*n - 4*n. Let t = 1 + n. List the prime factors of u(t).
2, 3
Let a(c) = -3*c**3 + 10*c**2 - 10*c + 42. List the prime factors of a(-9).
3, 7, 149
Suppose 2*x - 227 - 115 = 0. List the prime factors of x.
3, 19
Suppose 2*s - 62 = 28. Suppose 22 = h - s. What are the prime factors of h?
67
Let a = -21 + 11. Let t = 10 + a. Suppose -2*r + l - 47 = -4*r, -l - 5 = t. List the prime factors of r.
2, 13
Suppose 6*c + 24 = 7*c. List the prime factors of ((-496)/(-10))/(c/60).
2, 31
Let q(s) = 1120*s**3 + 3*s**2 - 4*s + 2. What are the prime factors of q(1)?
19, 59
Suppose 5*i + 9 = -11. Let w be i/(-2) - 3/(-1). Suppose -3*h = -o - 10, 4*h - o = w*h - 10. What are the prime factors of h?
5
Suppose -q - 10 = -3*q + 4*y, 4*y - 8 = -4*q. Suppose -2*f = -2*l + 56, q*f - 7 - 34 = -2*l. Let u = -8 + l. What are the prime factors of u?
17
Suppose 2*v = 6, 0 = -2*y + 4*v - 9*v + 327. What are the prime factors of 210/63*y/10?
2, 13
List the prime factors of 1929/(-2)*-5*(-20)/(-150).
643
Let y(v) = v**2 - 4*v - 3. Suppose 0 = -2*m - k + 10, -3*m + 4*k = -0*k - 15. Let d be y(m). What are the prime factors of (-218)/(-6) + d/(-6)?
2, 3
Let s(n) = -3*n**2 + 2*n + 1. Let p be s(-1). Let d be p/18 - (-870)/27. Let l = 9 + d. What are the prime factors of l?
41
Suppose -2*g - 14 - 2 = 5*z, 2*g - 4*z - 20 = 0. Suppose -4*s + 0*s = -g*f - 278, 12 = -4*f. What are the prime factors of s?
2, 17
Let x be -45 - ((-15)/12 - (-1)/4). Let l = x - -107. List the prime factors of l.
3, 7
Suppose -v = -5 - 44. Let j = 147 - v. List the prime factors of j.
2, 7
Let i be 1166/(-18) - (-12)/(-54). List the prime factors of (-7 + i/(-10))*(-595 + 1).
3, 11
Let d(b) = 93*b**2 - 7*b. What are the prime factors of d(-1)?
2, 5
Suppose 10*g - 7*g - 12 = 0. Suppose 5*y + g*l = -0*y + 155, -5*l + 133 = 4*y. What are the prime factors of y?
3
Let g = -8172 + 11726. What are the prime factors of g?
2, 1777
Let v(k) be the first derivative of k + 4 + 11/2*k**2. What are the prime factors of v(4)?
3, 5
Let g(z) = z**2 - 11*z + 22. Let u = 52 - 42. What are the prime factors of g(u)?
2, 3
Let f = 3622 - 2360. What are the prime factors of f?
2, 631
Suppose -b = 2*b - 6. Suppose b*y = 4*y - 86. Let h = -20 + y. List the prime factors of h.
23
Suppose -16 = 4*o - 8*o. Suppose -o*q - 3*m + 57 = -7*q, m = -2*q - 32. Let h = q + 40. What are the prime factors of h?
23
Suppose 22*v = 31*v - 4005. List the prime factors of v.
5, 89
Suppose -7*z = 68 - 12. Let x(u) = -14*u - 52. Let i(h) = -7*h - 26. Let m(v) = -5*i(v) + 3*x(v). List the prime factors of m(z).
2, 3, 5
Suppose 0 = 2*k + k - 33. Let v = -7 + k. Suppose 40 = v*t - 0*t. List the prime factors of t.
2, 5
Let q = 1069 - -60. What are the prime factors of q?
1129
Let x be ((-2)/7)/(1/(-7)). Suppose -4 + x = -n. Suppose -a + 26 = n*f + f, 2*a - 50 = -5*f. What are the prime factors of a?
2, 5
List the prime factors of 975 + ((-15)/10)/3*0.
3, 5, 13
Let y = 19 - 14. Suppose -5*c + 26 = r, -r + 0*r + 14 = 3*c. Suppose -y*q + c = -14. List the prime factors of q.
2
Let v be (2/15 - (-1628)/165) + 1. Let n(t) be the second derivative of t**3/2 - 23*t**2/2 - 6*t. What are the prime factors of n(v)?
2, 5
List the prime factors of 9/(13981/(-1749) + 8).
3, 53
Let o be (-11)/6 - -5 - (-2)/(-12). Suppose 0 = -o*u - 5*n + 432, 6*n = 5*n - 3. What are the prime factors of u?
149
Let r = 33 - 17. Let l = r + 41. What are the prime factors of l?
3, 19
Suppose 52 = -3*g - 8. Let y = -18 - g. List the prime factors of (-4064)/(-120) + y/15.
2, 17
Let p(g) be the second derivative of -g**5/10 + g**3/2 - g**2 - 15*g. List the prime factors of p(-2).
2
Suppose 2*c - p = -0*p + 86, 5*c - 3*p = 213. Suppose u = -3*h + 45, c = u - 5*h + h. What are the prime factors of u?
3, 5
Let t = -99 + 101. Suppose -540 = -5*z - 5*l, -4*z + t*z - 4*l = -208. What are the prime factors of z?
2, 7
Let z be -5*1/((-5)/(-8)). What are the prime factors of (z/12)/((-6)/387)?
43
Let k = 794 - -140. What are the prime factors of k?
2, 467
Suppose 0 = -35*r + 31*r - 2*m + 2604, r + 5*m - 642 = 0. List the prime factors of r.
2, 163
Let q(f) = -f**3 - 6*f**2 - 2*f - 5. Let u be q(-6). Suppose u*b - 8*b + 4 = 0. Let h(x) = 9*x - 2. List the prime factors of h(b).
2, 17
Suppose -8*f + d = -9*f + 1674, 6696 = 4*f - 4*d. What are the prime factors of f?
2, 3, 31
Let r(b) = -6*b + 3. Let t be r(0). Let j(d) = 25*d - 1. What are the prime factors of j(t)?
2, 37
Suppose 0 = -4*q - 52 - 52. Let m = -82 - -77. Let a = m - q. What are the prime factors of a?
3, 7
Let q = -439 + 231. Let h = 437 + q. List the prime factors of h.
229
Suppose -3*q - 2*k = -4*q + 410, 5*q - 3*k = 2057. Suppose -3352 = -14*r - q. List the prime factors of r.
2, 3, 5, 7
Suppose 3*h - 1497 = -156. What are